9 + 59 + (19 - 40) - (77 - 2).
-66
What is -13 + (-42 - -49) + -29 + 5 - (-3 - -1)?
-28
Evaluate -146 - -2 - (5 + 8 + -35 - -6).
-128
Calculate (-11 - 0) + 94 + -24 + (11 - (9 + -6)).
67
-41 - ((434 - 436) + (1 - (2 + 9)))
-29
Evaluate -270 + 304 - (-2 + 2).
34
2 + 12 + -51 + -10 + 4 + 7
-36
Calculate 45 + (-88 - (-23 - -25)).
-45
Evaluate -9 - (-2 + -2 - (-48 - -32) - (-19 - -80)).
40
(-24 - 1) + (54 - (-43 - -44))
28
What is the value of 403 - 333 - (-2 + -32) - (0 - -6)?
98
What is (1 - (61 + -37)) + -1 + 57?
33
What is the value of (13 + -7 - 21 - -10 - (4 - 10)) + -41?
-40
What is the value of -32 - (-48 - (14 + -38) - -22)?
-30
-66 - -37 - (5 + -36) - (37 + 0)
-35
What is (-105 - -95 - (10 - 18)) + (-1 - -29)?
26
Calculate -832 + 807 + 1 + 48 + -23.
1
Evaluate 13 - (-13 + -5 + 48).
-17
Calculate -4 + (-3 - 0) + (-5 - -7) - 45.
-50
What is -9 + -48 - (-7 - (-8 - (-18 + 1)))?
-41
Evaluate (-16 - 2) + -35 + -150 + 33 + 58.
-112
Evaluate -4 + 11 + (-21 - -22) + 6 + (0 - 4).
10
Evaluate 14 - 10 - -9 - (-3 - -53).
-37
What is the value of -5 - (-4 - -5 - (-4 - -41) - (-2 + -7))?
22
Calculate (-12 - -6 - -8) + -52 + (15 - 11).
-46
What is -13 + (4 - (-9 + -3) - 11) - (17 - 5)?
-20
5 + -2 + 9 - (89 - (62 + -50))
-65
What is the value of (33 - 4) + -46 + (1 - 7) - (2 - -1)?
-26
What is the value of -9 + -5 + 5 + -11 + -8 + -12?
-40
What is the value of 2 + -14 + (-6572 - -6614)?
30
What is the value of (-25 - -80) + (-3 + 4 - (-1 - -17))?
40
What is -4 + -1 + 5 - -3 - (46 + -36)?
-7
What is the value of (4 - (2 + 2) - (0 - 6)) + (13 - 11)?
8
Evaluate (7 - -6) + 7 + (6 - 23) + 1 - -13.
17
What is the value of -53 + -7 + -2 + 14 - (-7 + 6 + 4)?
-51
Calculate (51 - -229 - 118) + -77.
85
-46 - (-21 + -28 + 1)
2
What is the value of -37 + 9 + 28 + -95 + -2 + 2?
-95
What is 1835 - 1770 - (2 + (10 - (-4 - 0)))?
49
Calculate (-4 - 2) + 15 + (-47 + -90 - (3 - 22)).
-109
Calculate -5 + 6 + -10 + -19 + (1 - -5).
-22
What is the value of -4 - 8 - (32 - (-44 + 95))?
7
33 - ((18 - (6 - -19)) + 3 + (0 - -18))
19
What is the value of 18 + 14 + (-6 + (-3 - -12) - (-2 + -1))?
38
-83 - -9 - (-14 + (-5 - (-7 - -3)))
-59
Evaluate -77 + -7 + (13 - -2 - (6 - (13 - 9))).
-71
0 - (-42 + -16 + 57)
1
Evaluate -14 - (11 + (-12 - 5) - (5 - 5)) - 29.
-37
What is (-52 - -21) + 51 - -7?
27
(10 + -61 - (3 + -1 + -9)) + 19 + -10
-35
(-9 + 2 - (429 + -439)) + 33
36
Calculate -17 + (19 - -15) - (3 - 9).
23
What is the value of -835 - -793 - (36 - 0) - 47?
-125
What is the value of (-553 - -534) + (80 - 0) + -20?
41
(25 - -6) + (-107 - (4 - -7))
-87
Evaluate 176 - 186 - (-34 - (4 + -7 + 9)).
30
6 - (-236 - -284 - (0 + -1))
-43
What is 1 + -40 + -117 + 133 + -33?
-56
What is 1 - (-18 - (-1 + 3) - (-1094 - -1085))?
12
Evaluate -4 + 14 + -4 + 2 + -103 + 99 - 13.
-9
Evaluate -3 + 4 + (-25 - -18) + 6.
0
Calculate (13 - (-2 + 3)) + 56 + -37 + -27 - 66.
-62
Calculate 60 + -56 + -6 + (0 - 38).
-40
What is the value of -1 - (11 + -40 + 12 + (0 - 7))?
23
What is 4 + 8 + (53 - 61 - (4 - -93))?
-93
What is ((15 - 2) + 3 - 24) + -7 + 19?
4
Calculate 59 - (-8 - -49) - 45.
-27
What is -15 + -12 + (1 - 4) + -5 - -3?
-32
Evaluate 51 + -46 + -7 + 17 + 18 + -1.
32
-10 + -25 - (0 + -4 + -17)
-14
34 - (15 + 6) - (2 - 7 - (30 - 43))
5
What is the value of 111 + -47 + 33 + 0?
97
(-32 - 27) + 184 + -230
-105
What is the value of -6 + (-88 - -66) + 37?
9
What is the value of (3 - 1) + 23 + -23 + -19?
-17
What is 8 - (-2 - 10 - (-88 - -35)) - -8?
-25
Calculate (-16 + 1 - (356 + -374)) + 24.
27
(1308 - 1309) + (6 - (111 + -5 - -5))
-106
Evaluate (68 - (7 + -94)) + -89.
66
Evaluate -3 + (-1 - -4 - -22 - (25 + 4 + -24)).
17
Calculate -75 + (16 - (3 - 0)) - (10 + -6 + 0).
-66
(59 - (70 - 73)) + -41
21
What is 14 + -13 + 5 - (9 + (-2 - -56)) - -6?
-51
Calculate -22 + (33 + 0 + -6 - -14 - 13).
6
Evaluate -73 + 22 + 9 + 11.
-31
3 + -2 - 7 - (-122 + 140)
-24
(-10 - -12) + (-42 - (5 - 20))
-25
What is 54 + -20 + -2 + -6 + (6 - (7 + -6))?
31
Evaluate 24 + -16 + 58 + -116.
-50
What is 9 + (-19 - (4 + 7 - 19) - -9) + 26?
33
Calculate (9 - (-6 + 41)) + -4 + (18 - 0).
-12
What is 11 - (0 + -4) - (-38 + 14)?
39
Calculate 18 - (41 - (160 - 98)).
39
Evaluate (-5 - -13) + -9 + 7 - (-2 - (5 + 3)).
16
Calculate (4 - ((-3 - 0) + -8)) + 14.
29
What is 377 + -829 + 356 - (-1 - 0 - 14)?
-81
Evaluate -79 + 78 + -18 + (59 - 2).
38
Calculate (11 - (-19 + (54 - (4 - 6)))) + 8.
-18
What is the value of -469 + 440 - (-32 + -4)?
7
What is (-3 - 50) + (32 - -6) + -30 + -10?
-55
(-23 - -60) + -5 + -27 - (-1 + -41)
47
What is 26 - (13 + (-12 - 1 - (-160 - -152) - -1))?
17
What is (1 - 20) + (290 - 284) - 8?
-21
What is the value of -14 + (-44 - -200 - 78)?
64
Evaluate -1 + (10 - -2) + (5 - -18 - 20 - 75).
-61
Calculate 19 + 29 - (2 - -15).
31
What is the value of 2 - (-74 + (2 - -7 - (47 - 48))) - -5?
71
What is the value of -163 - 2 - -182 - (0 + 17)?
0
What is 318 + -332 - (9 - (77 + 12))?
66
What is 3 - (44 - -6 - 5) - (204 - 192)?
-54
Evaluate 0 + 9 - (0 + -15 - (2 - 28)).
-2
What is -67 + 23 + 18 - 7?
-33
Evaluate (-23 - (-26 - 17)) + -9 + -11.
0
What is the value of 36 + (-18 + 15 + 0 - (4 + 5))?
24
Evaluate (-20 - -133) + -113 + (-23 - -1).
-22
What is (7 - -98) + -105 + (1 + 1 - 15)?
-13
-4 + -23 + -15 + 37 + -9
-14
Evaluate -194 + -66 + 129 + 142.
11
(-72 + 49 - (-43 + 5)) + 36
51
Evaluate (-4 - ((6 - 8) + 3)) + (-11 - -43) + -3.
24
What is the value of 9493 + -9439 + 1 + 1 + -2 + -18?
36
36 + (-53 - 62) - -129
50
-26 - (9 - -11 - (17 - (8 + 0)))
-37
Calculate -146 - (-507 - -339) - ((78 - 0) + 0).
-56
(51 - 11) + (-1 - -10) + (83 - 94)
38
What is -217 + 268 + (9 - (0 - 7 - -10))?
57
What is (7 - (5 - 27)) + -6 - (-32 - -23)?
32
-20 + 45 - -25 - 37 - 33
-20
(-11 + -4 - (0 + -7)) + -8 + -12
-28
What is the value of 17 + 68 + -32 + 4?
57
(41 - (15 + 3)) + -37 - (2 - -35)
-51
-3 + 13 + (167 - 165) + 0 + -10 - -34
36
What is (-2 - 10) + (19 - 3) - -1?
5
Evaluate (-56 - 2) + (-322 - -354).
-26
Evaluate -10 - (-88 + 66) - -13.
25
What is 1142 + -1165 + 0 + -5?
-28
Calculate 30 + 50 - ((3 - 0 - (-15 - -19)) + -4).
85
What is the value of (33 + -25 + -39 - (1 + 5)) + (-11 - -15)?
-33
Calculate 34 - ((0 - -20) + (89 - 113)).
38
8 - (-28 + 61 + -29 + 28)
-24
Evaluate (219 + -205 - (-1 + 66)) + -1 + 2.
-50
Evaluate 1 + (-304 - -265 - (1 + -20)) - 69.
-88
11 - (109 + (14 - (7 + -11 + -2 - -17)))
-101
Evaluate 30 + -48 + (-18 - -7).
-29
Calculate -62 - (44 - 123 - 35).
52
Evaluate (-25 + -20 - -21) + 45.
21
Calculate 15 + -3 + -34 + (36 - -21) + -14.
21
31 - (-95 - -89 - 10)
47
Evaluate 56 + (29 + (-7 - 6) - 18).
54
What is (68 - 146 - -59) + -42?
-61
What is the value of (4 - -16) + 42 + -17 + -13 + -19?
13
What is the value of -15 + (18 - (-21 + 87 + -38))?
-25
What is the value of -84 - (-46 - (12 + -35 + -53))?
-114
What is the value of 7 + -18 + 88 + (-1 - -6) + -12 + 2?
72
1 + 0 + -61 + (-17 + 52 - 28)
-53
Calculate (100 - 16 - 7) + -84 - (-1 - 0 - 48).
42
What is (-24 - -2) + (-140 - (87 + -44 - 82))?
-123
Evaluate 81 + 1 - (-188 - -244).
26
Calculate 28 + -44 + 27 - 46.
-35
What is 3 + 7 + 0 + 44 + -68 + 43?
29
What is the value of 5 + 24 + (1 - 23) + 10?
17
What is the value of 89 + (-5 - 110 - -61)?
35
What is the value of 4 - (1 - 0) - (-3 - 29 - -65)?
-30
Evaluate 43 + -29 + -52 - -55.
17
Evaluate -1 + 55 - -2 - (55 + (40 - (-53 - -148))).
56
4765 + -4858 + (10 - 5 - -14)
-74
18 + (-52 - 27) + 17
-44
Evaluate 62 + 1 - (-15 + (-1 - 0) - (11435 + -11450)).
64
What is 3 + 87 - (36 + 50 + -74)?
78
What is the value of -9 - (33 + -6 + 6) - (0 - 4)?
-38
What is (-28 + 12 - (-2 - (-1 - -14))) + -22?
-23
Evaluate 19 + (-4 - -1) - (2 + -68 - -28).
54
What is the value of -14 + 27 - (11 - 35)?
37
6 - 9 - -15 - (5 - 3) - (367 - 374)
17
What is 6 + 58 + -69 + 65?
60
Evaluate -15 - (29 + -18 - (11 + 6)).
-9
-6 + 1 + -131 + (82 - 17)
-71
Evaluate 7 + (-15 - (45 + -3)).
-50
-81 + (119 - (56 + -86))
68
Evaluate 13 - -31 - (36 + (2 - -128)).
-122
What is (77 - (54 - 17)) + -126?
-86
What is the value of -6 + -1 + (-4 - -59 - 46)?
2
What is (1 - -6) + (-102 - -79)?
-16
Evaluate -137 + -167 + 256 + -74.
-122
Evaluate 28 + -17 - -1 - (-31 - 36).
79
Calculate -131 + 73 + 68 + (-1 - 26 - (8 + -9)).
-16
What is -9 - (28 + 2 - -24)?
-63
(-3 - (-10 + 20